{"id":12,"date":"2025-01-24T13:15:47","date_gmt":"2025-01-24T19:15:47","guid":{"rendered":"https:\/\/amacuzac.gob.mx\/2025-2027\/?page_id=12"},"modified":"2025-06-10T14:18:53","modified_gmt":"2025-06-10T20:18:53","slug":"gobierno","status":"publish","type":"page","link":"https:\/\/amacuzac.gob.mx\/2025-2027\/gobierno\/","title":{"rendered":"Gobierno"},"content":{"rendered":"<figure id=\"attachment_45\" aria-describedby=\"caption-attachment-45\" style=\"width: 300px\" class=\"wp-caption alignnone\"><img loading=\"lazy\" decoding=\"async\" class=\"wp-image-45 size-medium\" src=\"https:\/\/amacuzac.gob.mx\/2025-2027\/wp-content\/uploads\/2025\/05\/Noe-Reynoso-Nava-300x259.jpg\" alt=\"No\u00e9 Reynoso Nava\" width=\"300\" height=\"259\" srcset=\"https:\/\/amacuzac.gob.mx\/2025-2027\/wp-content\/uploads\/2025\/05\/Noe-Reynoso-Nava-300x259.jpg 300w, https:\/\/amacuzac.gob.mx\/2025-2027\/wp-content\/uploads\/2025\/05\/Noe-Reynoso-Nava-1024x885.jpg 1024w, https:\/\/amacuzac.gob.mx\/2025-2027\/wp-content\/uploads\/2025\/05\/Noe-Reynoso-Nava-768x664.jpg 768w, https:\/\/amacuzac.gob.mx\/2025-2027\/wp-content\/uploads\/2025\/05\/Noe-Reynoso-Nava.jpg 1131w\" sizes=\"auto, (max-width: 300px) 100vw, 300px\" \/><figcaption id=\"caption-attachment-45\" class=\"wp-caption-text\"><strong>No\u00e9 Reynoso Nava<\/strong> | Presidente municipal constitucional.<\/figcaption><\/figure>\n<p>Originario de Amacuzac, Morelos, No\u00e9 Reynoso Nava naci\u00f3 el 23 de junio de 1977. Es un hombre de profundas ra\u00edces en su comunidad y una trayectoria marcada por el esfuerzo, la responsabilidad y el compromiso con su gente.<\/p>\n<p>A la edad de 17 a\u00f1os comenz\u00f3 a emprender en el comercio de veh\u00edculos, actividad en la que se ha desempe\u00f1ado con constancia y \u00e9xito durante gran parte de su vida. Tambi\u00e9n ha incursionado en el comercio de ganado, consolidando su perfil como un empresario vers\u00e1til y comprometido con el desarrollo econ\u00f3mico regional. Su esp\u00edritu emprendedor lo llev\u00f3 adem\u00e1s al mundo del jaripeo, fundando su propio rancho, \u00abNR\u00bb, con el cual ha impulsado esta tradici\u00f3n mexicana con pasi\u00f3n y orgullo.<\/p>\n<p>Entre 2013 y 2015 ocup\u00f3 por primera vez el cargo de Presidente Municipal de Amacuzac, destac\u00e1ndose por su cercan\u00eda con la ciudadan\u00eda y su enfoque en atender las necesidades m\u00e1s urgentes del municipio. Al concluir su gesti\u00f3n, retom\u00f3 su labor empresarial hasta el a\u00f1o 2024, cuando decidi\u00f3 participar nuevamente en la contienda electoral.<\/p>\n<p>Gracias al respaldo de las y los amacuztecos, No\u00e9 Reynoso Nava fue electo por segunda ocasi\u00f3n y asumi\u00f3 el cargo de Presidente Municipal el 1\u00b0 de enero de 2025. Hoy lidera una administraci\u00f3n cercana, con visi\u00f3n social y orientada a generar oportunidades para todas y todos, bajo el principio de que el trabajo honesto y constante es la base para transformar\u00a0a\u00a0Amacuzac.<\/p>\n<figure id=\"attachment_49\" aria-describedby=\"caption-attachment-49\" style=\"width: 300px\" class=\"wp-caption alignnone\"><img loading=\"lazy\" decoding=\"async\" class=\"wp-image-49 size-medium\" src=\"https:\/\/amacuzac.gob.mx\/2025-2027\/wp-content\/uploads\/2025\/05\/Azucena-Ortega-Perez-300x200.jpg\" alt=\"\" width=\"300\" height=\"200\" srcset=\"https:\/\/amacuzac.gob.mx\/2025-2027\/wp-content\/uploads\/2025\/05\/Azucena-Ortega-Perez-300x200.jpg 300w, https:\/\/amacuzac.gob.mx\/2025-2027\/wp-content\/uploads\/2025\/05\/Azucena-Ortega-Perez-1024x682.jpg 1024w, https:\/\/amacuzac.gob.mx\/2025-2027\/wp-content\/uploads\/2025\/05\/Azucena-Ortega-Perez-768x512.jpg 768w, https:\/\/amacuzac.gob.mx\/2025-2027\/wp-content\/uploads\/2025\/05\/Azucena-Ortega-Perez.jpg 1280w\" sizes=\"auto, (max-width: 300px) 100vw, 300px\" \/><figcaption id=\"caption-attachment-49\" class=\"wp-caption-text\">Azucena Ortega P\u00e9rez | S\u00edndico municipal.<\/figcaption><\/figure>\n<p data-start=\"101\" data-end=\"438\">Originaria de Temixco, Morelos, Azucena Ortega P\u00e9rez es una mujer de ra\u00edces humildes, madre de tres hijos y ejemplo de esfuerzo y superaci\u00f3n. <strong>Naci\u00f3 el 30 de septiembre de 1993<\/strong> y desde el a\u00f1o 2013 radica en la comunidad de Cajones, en el municipio de Amacuzac, donde ha encontrado un hogar lleno de trabajo, aprendizaje y solidaridad.<\/p>\n<p data-start=\"440\" data-end=\"841\">Con una trayectoria marcada por la dedicaci\u00f3n tanto en el hogar como en el campo, ha aprendido a cultivar la tierra y a elaborar productos artesanales que han sido sustento para su familia. Su compromiso con el desarrollo personal y comunitario la llev\u00f3 a incursionar en la vida p\u00fablica en 2024, obteniendo el respaldo ciudadano para desempe\u00f1arse, desde el 1\u00b0 de enero de 2025, como s\u00edndico municipal.<\/p>\n<p data-start=\"843\" data-end=\"1131\">Azucena Ortega representa a una nueva generaci\u00f3n de servidores p\u00fablicos: cercana a la gente, con convicci\u00f3n, valores firmes y una fuerte voluntad de aprendizaje. Actualmente combina sus responsabilidades con la preparaci\u00f3n acad\u00e9mica, convencida de que nunca es tarde para crecer y servir.<\/p>\n<p data-start=\"1133\" data-end=\"1231\">Con sencillez, car\u00e1cter y compromiso, trabaja d\u00eda a d\u00eda por el bienestar de las y los amacuztecos.<\/p>\n<figure id=\"attachment_52\" aria-describedby=\"caption-attachment-52\" style=\"width: 300px\" class=\"wp-caption alignnone\"><img loading=\"lazy\" decoding=\"async\" class=\"wp-image-52 size-medium\" src=\"https:\/\/amacuzac.gob.mx\/2025-2027\/wp-content\/uploads\/2025\/05\/Patricia-Cambray-Montufar-300x210.jpg\" alt=\"\" width=\"300\" height=\"210\" srcset=\"https:\/\/amacuzac.gob.mx\/2025-2027\/wp-content\/uploads\/2025\/05\/Patricia-Cambray-Montufar-300x210.jpg 300w, https:\/\/amacuzac.gob.mx\/2025-2027\/wp-content\/uploads\/2025\/05\/Patricia-Cambray-Montufar-1024x715.jpg 1024w, https:\/\/amacuzac.gob.mx\/2025-2027\/wp-content\/uploads\/2025\/05\/Patricia-Cambray-Montufar-768x536.jpg 768w, https:\/\/amacuzac.gob.mx\/2025-2027\/wp-content\/uploads\/2025\/05\/Patricia-Cambray-Montufar.jpg 1220w\" sizes=\"auto, (max-width: 300px) 100vw, 300px\" \/><figcaption id=\"caption-attachment-52\" class=\"wp-caption-text\">Patricia Cambray Montufar | Primera regidur\u00eda.<\/figcaption><\/figure>\n<p>Originaria de Cuernavaca, Morelos, pero con profundas ra\u00edces en Amacuzac, Patricia Cambray Mont\u00fafar ha dedicado su vida al servicio y a la educaci\u00f3n. <strong>Naci\u00f3 el 18 de enero de 1975<\/strong> y, desde muy joven, hizo de este municipio su hogar, donde ha trabajado incansablemente por el desarrollo social y comunitario.<\/p>\n<p>Licenciada en Educaci\u00f3n Primaria por el CREN, cuenta con m\u00e1s de 25 a\u00f1os de experiencia como docente, siempre enfocada en el bienestar y la formaci\u00f3n integral de ni\u00f1as y ni\u00f1os, especialmente aquellos en situaci\u00f3n de vulnerabilidad.<\/p>\n<p>De car\u00e1cter firme y gran coraz\u00f3n, Patricia es ampliamente reconocida por su vocaci\u00f3n de servicio, su compromiso con la educaci\u00f3n y su profundo amor por la comunidad. Desde enero de 2025 se desempe\u00f1a como Primera Regidora del Ayuntamiento de Amacuzac, cargo que ejerce con responsabilidad, entrega y la firme convicci\u00f3n de que el progreso comienza con el trabajo cercano a la gente.<\/p>\n<p>&nbsp;<\/p>\n<figure id=\"attachment_53\" aria-describedby=\"caption-attachment-53\" style=\"width: 300px\" class=\"wp-caption alignnone\"><img loading=\"lazy\" decoding=\"async\" class=\"wp-image-53 size-medium\" src=\"https:\/\/amacuzac.gob.mx\/2025-2027\/wp-content\/uploads\/2025\/05\/Santiago-Mendez-Chavez-300x200.jpg\" alt=\"\" width=\"300\" height=\"200\" srcset=\"https:\/\/amacuzac.gob.mx\/2025-2027\/wp-content\/uploads\/2025\/05\/Santiago-Mendez-Chavez-300x200.jpg 300w, https:\/\/amacuzac.gob.mx\/2025-2027\/wp-content\/uploads\/2025\/05\/Santiago-Mendez-Chavez-1024x682.jpg 1024w, https:\/\/amacuzac.gob.mx\/2025-2027\/wp-content\/uploads\/2025\/05\/Santiago-Mendez-Chavez-768x512.jpg 768w, https:\/\/amacuzac.gob.mx\/2025-2027\/wp-content\/uploads\/2025\/05\/Santiago-Mendez-Chavez.jpg 1280w\" sizes=\"auto, (max-width: 300px) 100vw, 300px\" \/><figcaption id=\"caption-attachment-53\" class=\"wp-caption-text\">Santiago M\u00e9ndez Ch\u00e1vez | Segunda regidur\u00eda.<\/figcaption><\/figure>\n<p data-start=\"348\" data-end=\"551\">Originario de Amacuzac, Morelos, <strong data-start=\"324\" data-end=\"356\">nacido el 11 de mayo de 1988<\/strong>, C\u00e9sar Santiago M\u00e9ndez Ch\u00e1vez ha dedicado su vida a la formaci\u00f3n acad\u00e9mica, el pensamiento cr\u00edtico y la labor social, con una visi\u00f3n humanista del servicio a la comunidad.<\/p>\n<p data-start=\"553\" data-end=\"1049\">Realiz\u00f3 su educaci\u00f3n b\u00e1sica en su municipio natal, y continu\u00f3 sus estudios de nivel medio superior en el Seminario Conciliar de San Jos\u00e9, en Cuernavaca, Morelos. Posteriormente, curs\u00f3 la Licenciatura en Filosof\u00eda en la Universidad Pontificia de M\u00e9xico, donde obtuvo su titulaci\u00f3n profesional, avalada por la UNAM, con la tesis <em data-start=\"880\" data-end=\"942\">\u201cUna inferioridad impuesta debido a la p\u00e9rdida de identidad\u201d<\/em>. Adem\u00e1s, cuenta con una licenciatura trunca en Mediaci\u00f3n y Construcci\u00f3n de Paz por el Instituto de la Paz.<\/p>\n<p data-start=\"1051\" data-end=\"1418\">En su formaci\u00f3n complementaria destacan conocimientos en griego, lat\u00edn e italiano, as\u00ed como su participaci\u00f3n en coloquios, debates y seminarios de filosof\u00eda en la UNAM, el Seminario Conciliar de M\u00e9xico y la Universidad Pontificia. Tambi\u00e9n ha recibido formaci\u00f3n en talleres sobre autoestima, afectividad, resoluci\u00f3n de conflictos, mediaci\u00f3n, primeros auxilios y canto.<\/p>\n<p data-start=\"1420\" data-end=\"1927\">En el \u00e1mbito profesional, fue docente de la Preparatoria Don Bosco de Cuernavaca entre 2016 y 2021, y colabor\u00f3 en el \u00e1rea comercial de Royal Prestige de 2003 a 2016. Su trayectoria se ha enriquecido con una profunda labor social durante su etapa como seminarista, trabajando en comunidades ind\u00edgenas y urbanas de estados como Oaxaca, Veracruz, Tabasco, Puebla, Quer\u00e9taro, Michoac\u00e1n y la Ciudad de M\u00e9xico. En estos espacios promovi\u00f3 la inclusi\u00f3n, el desarrollo humano y el respeto a las culturas originarias.<\/p>\n<p data-start=\"1929\" data-end=\"2224\">Tambi\u00e9n ha sido conferencista en instituciones como la Escuela Nacional de Enfermer\u00eda de la Ciudad de M\u00e9xico, el Instituto para la Paz de Cuernavaca, la Universidad Pontificia de M\u00e9xico y medios nacionales como TV Azteca y Televisa, donde ha abordado temas de filosof\u00eda, valores y tejido social.<\/p>\n<p data-start=\"2226\" data-end=\"2531\">Desde el 1\u00b0 de enero de 2025, se desempe\u00f1a como Segundo Regidor del Ayuntamiento de Amacuzac, desde donde impulsa el di\u00e1logo, la mediaci\u00f3n y el pensamiento cr\u00edtico como herramientas para el desarrollo arm\u00f3nico del municipio, siempre al servicio de su comunidad con un enfoque \u00e9tico, incluyente y solidario.<\/p>\n","protected":false},"excerpt":{"rendered":"<div class=\"mh-excerpt\">Originario de Amacuzac, Morelos, No\u00e9 Reynoso Nava naci\u00f3 el 23 de junio de 1977. Es un hombre de profundas ra\u00edces en su comunidad y una trayectoria marcada por el esfuerzo, la responsabilidad y el compromiso <a class=\"mh-excerpt-more\" href=\"https:\/\/amacuzac.gob.mx\/2025-2027\/gobierno\/\" title=\"Gobierno\">Leer m\u00e1s&#8230;<\/a><\/div>\n","protected":false},"author":1,"featured_media":0,"parent":0,"menu_order":0,"comment_status":"closed","ping_status":"closed","template":"","meta":{"footnotes":""},"class_list":["post-12","page","type-page","status-publish"],"jetpack_sharing_enabled":true,"_links":{"self":[{"href":"https:\/\/amacuzac.gob.mx\/2025-2027\/wp-json\/wp\/v2\/pages\/12","targetHints":{"allow":["GET"]}}],"collection":[{"href":"https:\/\/amacuzac.gob.mx\/2025-2027\/wp-json\/wp\/v2\/pages"}],"about":[{"href":"https:\/\/amacuzac.gob.mx\/2025-2027\/wp-json\/wp\/v2\/types\/page"}],"author":[{"embeddable":true,"href":"https:\/\/amacuzac.gob.mx\/2025-2027\/wp-json\/wp\/v2\/users\/1"}],"replies":[{"embeddable":true,"href":"https:\/\/amacuzac.gob.mx\/2025-2027\/wp-json\/wp\/v2\/comments?post=12"}],"version-history":[{"count":15,"href":"https:\/\/amacuzac.gob.mx\/2025-2027\/wp-json\/wp\/v2\/pages\/12\/revisions"}],"predecessor-version":[{"id":1252,"href":"https:\/\/amacuzac.gob.mx\/2025-2027\/wp-json\/wp\/v2\/pages\/12\/revisions\/1252"}],"wp:attachment":[{"href":"https:\/\/amacuzac.gob.mx\/2025-2027\/wp-json\/wp\/v2\/media?parent=12"}],"curies":[{"name":"wp","href":"https:\/\/api.w.org\/{rel}","templated":true}]}}